 4637733 a prime number?
False
Is 28001663 prime?
False
Is 121271 composite?
False
Is 116305963 composite?
True
Is 2353467 a prime number?
False
Is 80251531 composite?
True
Is 45832679 a composite number?
False
Is 161771 composite?
False
Is 132421 a composite number?
False
Is 5287433 a prime number?
False
Is 3353909 a prime number?
False
Is 16207169 a prime number?
False
Is 169471267 composite?
True
Is 3486401 prime?
False
Is 325297799 a composite number?
False
Is 437816707 a prime number?
False
Is 1967479 a prime number?
True
Is 25554479 a composite number?
True
Is 392092277 a composite number?
True
Is 19921701 prime?
False
Is 42425783 composite?
True
Is 12732374 composite?
True
Is 20365259 prime?
False
Is 180818809 a prime number?
True
Is 612251 prime?
False
Is 148003633 prime?
True
Is 47077669 prime?
True
Is 156645751 a composite number?
True
Is 495860243 a composite number?
True
Is 471041 prime?
True
Is 490205549 a composite number?
False
Is 632910059 a prime number?
True
Is 1628311 prime?
False
Is 4560427 a composite number?
False
Is 10910983 prime?
False
Is 141727 a prime number?
False
Is 20299313 composite?
True
Is 1695091 prime?
True
Is 11504029 prime?
True
Is 2293867 prime?
True
Is 205605757 composite?
True
Is 31596553 composite?
False
Is 431660609 a composite number?
False
Is 106853 prime?
True
Is 32498393 a composite number?
True
Is 1179779 a prime number?
True
Is 7704511 a composite number?
False
Is 14680353 a prime number?
False
Is 94088899 a prime number?
True
Is 353719 a composite number?
True
Is 63394657 composite?
False
Is 10132879 a composite number?
True
Is 214747 prime?
False
Is 6656257 a prime number?
True
Is 26396653 composite?
True
Is 263294309 a composite number?
False
Is 173722957 composite?
False
Is 535478 prime?
False
Is 608107 composite?
True
Is 12234809 prime?
False
Is 1999685 a prime number?
False
Is 10085771 prime?
True
Is 918341 composite?
False
Is 9763469 a composite number?
False
Is 3666899 composite?
True
Is 44515871 a composite number?
False
Is 33049739 composite?
True
Is 129348307 a prime number?
False
Is 1910509 prime?
True
Is 3350661 a prime number?
False
Is 3403783 composite?
False
Is 362629 prime?
True
Is 41178923 a prime number?
True
Is 30229273 a composite number?
False
Is 6375683 a composite number?
True
Is 9711302 a composite number?
True
Is 1119029 composite?
False
Is 4900099 prime?
True
Is 1449731 prime?
False
Is 4465633 prime?
False
Is 20494523 prime?
False
Is 16995221 composite?
True
Is 895325378 prime?
False
Is 149067643 composite?
False
Is 222823453 prime?
False
Is 567179 a composite number?
False
Is 190117 a composite number?
True
Is 50059091 composite?
True
Is 6503039 a prime number?
False
Is 3676927 a prime number?
True
Is 1841821 a prime number?
True
Is 174851 prime?
True
Is 945831589 prime?
True
Is 8890471 composite?
True
Is 54277331 a composite number?
False
Is 52951 a composite number?
False
Is 1056299 composite?
True
Is 15319949 a prime number?
False
Is 1557473 a composite number?
True
Is 4048901 prime?
True
Is 221522611 composite?
True
Is 4578155 composite?
True
Is 260851139 a composite number?
True
Is 834624937 composite?
False
Is 5930087 a composite number?
True
Is 43305151 a prime number?
True
Is 2904103 a prime number?
True
Is 34970807 a prime number?
False
Is 392150449 a composite number?
False
Is 2121709 a composite number?
True
Is 102193183 a prime number?
True
Is 890769926 prime?
False
Is 11970191 a composite number?
True
Is 6440515 a composite number?
True
Is 923899954 prime?
False
Is 11836123 a prime number?
False
Is 10800623 a composite number?
False
Is 9003023 a composite number?
False
Is 6662041 prime?
True
Is 715678 composite?
True
Is 38094097 composite?
False
Is 253711571 composite?
False
Is 6981593 a composite number?
False
Is 94845039 a prime number?
False
Is 32493169 prime?
False
Is 247482453 a composite number?
True
Is 310044629 prime?
True
Is 21345187 composite?
False
Is 7503554 a prime number?
False
Is 5060739 prime?
False
Is 16544527 a prime number?
True
Is 25051315 composite?
True
Is 42071581 a composite number?
False
Is 97471733 a prime number?
True
Is 317567765 a prime number?
False
Is 6959 a prime number?
True
Is 13779361 a composite number?
True
Is 7336249 a composite number?
True
Is 10053847 a composite number?
False
Is 75719407 composite?
True
Is 2685401 prime?
True
Is 4562911 prime?
False
Is 1152923 a composite number?
True
Is 3198989 a composite number?
True
Is 6409633 composite?
False
Is 6097501 a composite number?
False
Is 22369801 prime?
True
Is 496549 a prime number?
True
Is 92685517 prime?
False
Is 267348359 a composite number?
False
Is 162013 a composite number?
True
Is 1166449 composite?
True
Is 407567 prime?
True
Is 115767563 a composite number?
False
Is 36374627 prime?
False
Is 1117821 composite?
True
Is 658573 a composite number?
False
Is 880996463 prime?
True
Is 19135873 a composite number?
True
Is 29502481 composite?
True
Is 20166857 a composite number?
True
Is 23641881 a composite number?
True
Is 2306999 composite?
True
Is 321461417 a composite number?
True
Is 542715091 composite?
True
Is 306130343 composite?
False
Is 69669403 a prime number?
True
Is 3390661 a composite number?
False
Is 5204453 composite?
True
Is 2017369 a prime number?
True
Is 26685199 a prime number?
False
Is 343992371 prime?
True
Is 3298553 composite?
True
Is 11419721 a composite number?
True
Is 282475591 a composite number?
False
Is 9079379 a composite number?
False
Is 32570209 a composite number?
True
Is 78819511 a composite number?
False
Is 1855577 composite?
False
Is 1274701 a prime number?
True
Is 102623 composite?
True
Is 183273553 prime?
True
Is 629357081 composite?
False
Is 1684327 prime?
True
Is 34855889 prime?
True
Is 16088419 composite?
False
Is 1834717 a composite number?
False
Is 12268093 composite?
True
Is 19576951 composite?
False
Is 41780767 a prime number?
False
Is 75116507 a prime number?
False
Is 2765857 a prime number?
True
Is 1494089 composite?
False
Is 4192477 prime?
True
Is 820537 a prime number?
True
Is 4087101 composite?
True
Is 7093613 a prime number?
False
Is 49422199 a prime number?
True
Is 22662599 prime?
False
Is 25867 prime?
True
Is 1465327 composite?
True
Is 7855933 composite?
True
Is 6085927 composite?
False
Is 3292309 a composite number?
False
Is 167713601 prime?
False
Is 577033594 prime?
False
Is 2632859 prime?
True
Is 844574 composite?
True
Is 4768961 a prime number?
True
Is 466883 prime?
False
Is 457362905 prime?
False
Is 8155847 a composite number?
True
Is 1550947 prime?
True
Is 20244379 prime?
False
Is 70227337 a prime number?
False
Is 276077 prime?
False
Is 76896541 a composite number?
False
Is 11754409 prime?
False
Is 2669591 composite?
False
Is 446928169 a composite number?
True
Is 4212443 composite?
False
Is 286559249 a prime number?
False
Is 31873313 prime?
True
Is 1303778957 composite?
True
Is 2140811 composite?
False
Is 1581469 prime?
True
Is 5961049 a composite number?
False
Is 11754313 a prime number?
True
Is 232382719 prime?
False
Is 14101862 a prime number?
False
Is 145261 a composite number?
True
Is 6833399 a composite number?
False
Is 110164247 prime?
True
Is 13492361 a prime number?
True
Is 411034121 composite?
True
Is 4588145 composite?
True
Is 580009 a composite number?
True
Is 57993077 a composite number?
True
Is 12216851 prime?
False
Is 23292527 a prime number?
True
Is 27171019 a composite number?
False
Is 27679391 a prime number?
True
Is 168862387 prime?
True
Is 837677123 composite?
False
Is 245243941 a prime number?
True
Is 25296301 prime?
True
Is 1804349 a prime number?
True
Is 183648083 composite?
False
Is 24750967 a prime number?
False
Is 88289407 a prime number?
True
Is 27749437 composite?
True
Is 1999741 a composite number?
True
Is 7806553 a prime number?
False
Is 20772781 a prime number?
True
Is 126426634 a composite number?
True
Is 58604587 a composite number?
True
Is 1521547 a prime number?
True
Is 20907371 composite?
False
Is 5406589 a composite number?
False
Is 21418139 a prime number?
True
Is 59815885 a prime number?
False
Is 16518361 composite?
False
Is 18060923 a composite number?
False
Is 5687249 prime?
True
Is 4192583 prime?
False
Is 877321691 a prime number?
True
Is 23090362 composite?
True
Is